- 2*i = -140, -3*i - 17 + 5 = z. Calculate the remainder when l is divided by 19.
18
Suppose -3*y = -4*q + 120 - 164, -5*q + 14 = 2*y. Suppose 17 = 3*w + 2. Let d(z) = -z**3 + 6*z**2 + 3*z - 6. What is the remainder when d(w) is divided by y?
10
Let v = 906 - 899. Calculate the remainder when 425 is divided by v.
5
Let p(w) = -w**2 - 5*w - 1. Suppose r - 3*h = -19, h - 3*h = 3*r + 2. What is the remainder when 7 is divided by p(r)?
1
Suppose 0 = 2677*p - 2682*p + 1345. Calculate the remainder when p is divided by 21.
17
Let b = 2369 - 2028. What is the remainder when b is divided by 47?
12
Let g(v) = -2355 - 40*v + 2355. What is the remainder when 158 is divided by g(-1)?
38
Calculate the remainder when (25/4)/(-19*8/(-1824)) is divided by 45.
30
Let d be (56/(-3))/(-4)*15. Let y = -42 - -34. Let q = y + d. What is the remainder when q is divided by 21?
20
Suppose 0 = 4*m - c - 29, -5*m - 4*c = -0*c - 31. Suppose -11 = 3*y - 86. What is the remainder when y is divided by m?
4
Let h(s) = -s**2 + 11*s - 5. Calculate the remainder when 95 is divided by h(4).
3
Suppose 2515 = 4*k - 5*j, -3*j - 1884 = 8*k - 11*k. Calculate the remainder when k is divided by 63.
58
Suppose 22 + 134 = 4*t + 2*i, 66 = 2*t - 2*i. Suppose 59 = 3*o - 5*u, o + 0*u - 9 = -u. What is the remainder when t is divided by o?
11
Let n(y) be the first derivative of y**3 + 2*y - 5. Let l = -14 - -11. What is the remainder when n(l) is divided by 15?
14
Suppose -361*j + 354*j + 182 = 0. Suppose -m - 2 = i, -2*i + 2*m = 6*m - 6. What is the remainder when j is divided by (3/1)/3 - i?
2
Suppose -4*t + 9*t - 110 = 0. Let x(j) = -6*j - 7. Let k be x(-5). Let u = -11 + k. Calculate the remainder when t is divided by u.
10
Suppose -38*z + 27*z + 363 = 0. Calculate the remainder when 658 is divided by z.
31
Let m(n) = 8*n**2 - 2*n + 56. Calculate the remainder when 221 is divided by m(0).
53
Let z = 9 + -5. Suppose -z*i - 17 = -5*i. Suppose x + 0*x - 2*w = 61, -253 = -4*x + 5*w. What is the remainder when x is divided by i?
16
Let k = 76 - 74. What is the remainder when 2 + -5 + 57 + k is divided by 19?
18
Let x be 4/14*7 - 4. Let f(c) = 6*c**2 + 4*c + 7. What is the remainder when 135 is divided by f(x)?
20
Let z = 664 - 614. Calculate the remainder when 697 is divided by z.
47
Let v(c) = c**2 - 2*c + 5. Let w(r) = 58*r - 7842. Calculate the remainder when w(136) is divided by v(4).
7
Suppose 3*r + r + 2*s = -1344, -5*r = -2*s + 1689. Let a = -225 - r. Calculate the remainder when a is divided by 29.
25
Let t(q) = 25*q - 148. What is the remainder when 18 is divided by t(6)?
0
Let r = -68 - -87. Calculate the remainder when 167 is divided by r.
15
What is the remainder when (-1 - 0)/((-15)/8145) is divided by 68?
67
Let t(a) = -14*a - 30. Calculate the remainder when t(-16) is divided by 4.
2
Let p = -250 - -463. Calculate the remainder when p is divided by 24.
21
Let c = -142 + 87. What is the remainder when 41 is divided by (-4*(-5)/50)/((-1)/c)?
19
What is the remainder when 40 is divided by ((-15)/10*2)/4*-4?
1
Let i(f) = -f**3 - 14*f**2 - 10. Let s be i(-14). Calculate the remainder when 15 is divided by (s/15)/((-2)/24).
7
What is the remainder when (-3*(-9)/(-12))/((-4)/672) is divided by 97?
87
Suppose 7*t + 3*i = 10*t - 498, 5*i + 661 = 4*t. What is the remainder when t is divided by 56?
1
Suppose 5*d = -f + 288, 3*d - 2*f - 108 = d. Calculate the remainder when d is divided by 10*7/(21/6).
17
Suppose -3*x + 11*x = 40. Let r(g) = g**2 - 3*g - 7. Calculate the remainder when 14 is divided by r(x).
2
Let r be (-10)/(-55) + (-230)/55. What is the remainder when 23 is divided by ((r + 4)*1 - -9) + 4?
10
Let k be -1 + (-3)/(-12)*4. Suppose 0 = -4*r - 5*d - 7 + 29, k = 3*r + 2*d - 13. Calculate the remainder when 5 is divided by r.
2
Let k = 18 + -14. Suppose -j + 46 = 4*j - 2*b, -42 = -5*j + k*b. Suppose -g = 2*m - 3, -3*m - 3*g = -0*g. What is the remainder when j is divided by m?
1
Suppose 4*d = 246 - 82. Let r = d - 18. What is the remainder when 37 is divided by (r - (2 - 1)) + -2?
17
Suppose -i - 14 = -7. Let x(y) = -8*y - 8. Let s be x(i). Suppose 2*k - k + 5*t = s, -77 = -4*k + 3*t. Calculate the remainder when 91 is divided by k.
22
Suppose 0 = 8*t - 7*t - 17. Suppose f - t = 8. What is the remainder when 35 is divided by f?
10
Let n(m) = -m**2 + 14*m - 3. Let j be (-7)/(-4)*3/(3/4). Suppose 55 = 4*s + j. Calculate the remainder when n(6) is divided by s.
9
Let a be (-1 - -1) + 3 - (-880)/10. Suppose -t - t = -108. Let m = a - t. Calculate the remainder when m is divided by 19.
18
Let w = 8 - 5. Suppose 0 = w*d - 2 - 4. Suppose -27 = -3*g + d*y + 7, -2*g = -4*y - 20. Calculate the remainder when 23 is divided by g.
11
Suppose -4*b + 4*t - 5 = -1, -3*b - 4*t = -32. Let w = 108 - 103. Calculate the remainder when (w/(-1 - -2))/(9 + -8) is divided by b.
1
Suppose 0*s + s - 19 = 0. Let y = 85 + -38. Let t = y - -26. What is the remainder when t is divided by s?
16
Let y = 15 + -12. Let t(a) = -y*a - a**3 - 7*a**2 + 3 - 8 + 0. What is the remainder when t(-7) is divided by 4?
0
Suppose -h + i = -141, -i = 4*h - 6*i - 564. What is the remainder when h is divided by 64?
13
Suppose -s = -h + 7, -h - h + 4*s + 22 = 0. Suppose -3*m - a = 2*m - h, -5*m - 4*a = 3. What is the remainder when 3*m/3 - -16 is divided by 5?
2
Let z = -108 + 232. Suppose 86 + 14 = 4*c. Calculate the remainder when z is divided by c.
24
Suppose 0 = -13*c + 401 + 756. What is the remainder when 2400 is divided by c?
86
Suppose -2*y + 27 = 7. Let q = -90 - -91. What is the remainder when 2 + 9*(q + (4 - 2)) is divided by y?
9
Let w = 68 + -41. Suppose 2*t - w = -5. Calculate the remainder when 40 is divided by t.
7
Suppose -v - 2 = v - s, -4*v - 10 = -5*s. Let c = 16 - v. What is the remainder when -46*(0 - 3/3) is divided by c?
14
Let a(k) = 2*k**2 + 7*k - 7. Let l be a(-5). Suppose 7*w - l = 3*w. Suppose w*o = -2*o + 52. Calculate the remainder when 25 is divided by o.
12
Let k = 502 - 196. What is the remainder when k is divided by 62?
58
Let l = 399 - 358. Calculate the remainder when 570 is divided by l.
37
Suppose 3*u - 226 + 16 = 0. Suppose -5*r = 5*b - u, r - 1 = b + 5. What is the remainder when 37 is divided by r?
7
Let i be (-57)/(-9) + (-6)/18. Suppose -q + 3*l + l = -80, 0 = 4*q + 2*l - 374. Suppose -i*x = -2*x - q. Calculate the remainder when 45 is divided by x.
22
Suppose 3*f = t - 22, -8*f + 2 = -t - 13*f. Calculate the remainder when 700 is divided by t.
11
Let b(p) = -4*p + 16. Let w(y) = y. Let k(h) = -b(h) - w(h). Let z(m) = -m + 13. Let f be z(0). Calculate the remainder when 90 is divided by k(f).
21
Let a(n) = n**2 - 8*n + 25. Let w be a(6). Let f(l) be the third derivative of l**4/24 + l**2. Calculate the remainder when f(w) is divided by 8.
5
Let p(j) = -2*j + 46. Let x be p(23). Suppose x = -y + 128 - 99. Calculate the remainder when y is divided by 9.
2
Suppose -63*r + 21178 - 1522 = 0. Calculate the remainder when r is divided by 79.
75
Let u be (-5)/2*36/(-18). Calculate the remainder when (-138)/u*10/(-4) is divided by 12.
9
Suppose -5*z + 31 = 4*y, -3*y - z - 1 = -4*y. Suppose y*u - 22 = -2*q + 5*q, 0 = -2*u + 2*q + 12. Calculate the remainder when 38 is divided by u.
2
Let r be 45/6*(-48)/(-20). What is the remainder when 0 + 73 + (r/3)/(-3) is divided by 19?
14
Let f(o) = 2*o**2 - 18*o + 30. What is the remainder when 29 is divided by f(7)?
1
Let g = -1477 - -1585. What is the remainder when 639 is divided by g?
99
Suppose -8 = -5*m + m. Suppose 4*g = -q + 13, 4*q - 2 = -g + 5. Suppose m*p - 15 = -g*z - 0*z, -4*z + 21 = 3*p. What is the remainder when 11 is divided by p?
2
Let c = -1301 - -205. Calculate the remainder when c/(-22) + 28/154 is divided by 17.
16
Suppose -9 = -3*k + 2*y + y, -k + 3 = y. Suppose 0 = 5*o - k*o - 12. Suppose -o + 19 = v. Calculate the remainder when v is divided by 4.
1
Suppose 2*f = 4*k + 4*f + 66, -5*f = 5. Calculate the remainder when 81 is divided by 4*((-20)/k + 4).
18
Let b(t) = -80*t + 34. What is the remainder when b(-3) is divided by 56?
50
Let i(o) = 6*o - 9. Let v be i(2). Suppose v*t + 2*n - 36 = n, -4*n = 0. What is the remainder when -68*(-1 - (-2)/4) is divided by t?
10
Let f(h) = 14*h**2 - 2*h + 1. Let t = 97 + -74. Calculate the r